{"id":18524,"date":"2024-08-24T05:00:44","date_gmt":"2024-08-24T05:00:44","guid":{"rendered":"https:\/\/clcsite.com\/wpstore1\/product\/gps97-speedometer-odometer-waterproof-3-backlight-colors-resettable-odometer-universal-suitable-for-vehicles-bikes-more-chrome-chrome\/"},"modified":"2024-08-24T05:00:44","modified_gmt":"2024-08-24T05:00:44","slug":"gps97-speedometer-odometer-waterproof-3-backlight-colors-resettable-odometer-universal-suitable-for-vehicles-bikes-more-chrome-chrome","status":"publish","type":"product","link":"https:\/\/clcsite.com\/wpstore1\/product\/gps97-speedometer-odometer-waterproof-3-backlight-colors-resettable-odometer-universal-suitable-for-vehicles-bikes-more-chrome-chrome\/","title":{"rendered":"GPS97 Speedometer Odometer Waterproof 3 Backlight Colors &#038; Resettable Odometer. Universal Suitable for Vehicles Bikes &#038; More (Chrome Chrome)"},"content":{"rendered":"<p><br \/>\nPrice: <span style=\"color:#b12704\">$64.99<\/span><br \/><i><small>(as of Aug 24, 2024 05:00:44 UTC &#8211; <span class=\"wp_automatic_amazon_disclaimer\" title=\"Product prices and availability are accurate as of the date\/time indicated and are subject to change. Any price and availability information displayed on [relevant Amazon Site(s), as applicable] at the time of purchase will apply to the purchase of this product.\">Details<\/span>)<\/small><\/i><\/p>\n\n<p>         Product Description                                     <\/p>\n<p>                                                <img decoding=\"async\" alt=\"Latnex Logo\" src=\"https:\/\/images-na.ssl-images-amazon.com\/images\/G\/01\/x-locale\/common\/grey-pixel.gif\" class=\"a-lazy-loaded\" data-src=\"https:\/\/m.media-amazon.com\/images\/S\/aplus-media-library-service-media\/59ea5ef5-8984-4c88-9c82-59b917112f93.__CR0,0,600,180_PT0_SX600_V1___.png\"><img decoding=\"async\" alt=\"Latnex Logo\" src=\"https:\/\/m.media-amazon.com\/images\/S\/aplus-media-library-service-media\/59ea5ef5-8984-4c88-9c82-59b917112f93.__CR0,0,600,180_PT0_SX600_V1___.png\">       <\/p>\n<p> LATNEX Waterproof Digital GPS Speedometer Backlight for ATV UTV-MARINE-Boats-Motorcycle- Automobile Motor Vehicle Bikes can be used to test the driving speed (accuracy is 1km\/h) and driven distance of your vehicle accurately. <\/p>\n<p> This unit has a GPS speedometer function, Clock function, Voltage indicator function and some other features. <\/p>\n<p> GPS Speedometer Feature: <\/p>\n<\/p>\n<p>GPS satellite Positioning to measure and display current speed.Max speed viewed.Settable High-speed\/low-speed alarms. when speed exceeds the set value(default is 100KM\/H,60MI\/H,50NMI\/H), Red LED flashes to alarm.Settable speedometer refresh rate: 0.2 seconds \/ 0.5 seconds.      <\/p>\n<p> Clock Features: <\/p>\n<\/p>\n<p>GPS will automatically positioning UTC.User set the time by hand.24 Hours.      <\/p>\n<p> Other Features: <\/p>\n<\/p>\n<p>Easy to install.Green Backlight.External power of DC 10-24 Volt.Low-power consumption: standard current 6 \u03bcA.Has EEPROM memory and Date storage automatically.Dustproof \/ waterproof level: IP65.      <\/p>\n<p> ABOUT US <\/p>\n<p> LATNEX manufactures and distributes signal testing and measurement technology specializing in EMF and RF radiation. We also offer a number of different meters, spectrum analyzers and measuring equipment for detecting these electromagnetic fields in both high and low frequencies. <\/p>\n<p> We serve numerous clients from a wide variety of industries, both in the private and public sectors. Some of these include defense (e.g. Navy &amp; Air Force), production line manufacturers, aerospace engineering, Department of Justice, and federal investigations. <\/p>\n<p> We strive to serve you to the best of our ability, and to offer products that are both affordable and efficient. <\/p>\n<p> OUR PRODUCT: <\/p>\n<p>\n                                                          <img decoding=\"async\" alt=\"Speedometer img2\" src=\"https:\/\/images-na.ssl-images-amazon.com\/images\/G\/01\/x-locale\/common\/grey-pixel.gif\" class=\"a-spacing-mini a-lazy-loaded\" data-src=\"https:\/\/m.media-amazon.com\/images\/S\/aplus-media-library-service-media\/8792903c-c505-424b-bfda-a4f5cd646439.__CR0,2,1053,1053_PT0_SX300_V1___.jpg\"><img decoding=\"async\" alt=\"Speedometer img2\" src=\"https:\/\/m.media-amazon.com\/images\/S\/aplus-media-library-service-media\/8792903c-c505-424b-bfda-a4f5cd646439.__CR0,2,1053,1053_PT0_SX300_V1___.jpg\">   <\/p>\n<p>\n                                                          <img decoding=\"async\" alt=\"Speedometer img3\" src=\"https:\/\/images-na.ssl-images-amazon.com\/images\/G\/01\/x-locale\/common\/grey-pixel.gif\" class=\"a-spacing-mini a-lazy-loaded\" data-src=\"https:\/\/m.media-amazon.com\/images\/S\/aplus-media-library-service-media\/ca606996-5207-489b-a674-7bcf85839de6.__CR0,0,1024,1024_PT0_SX300_V1___.jpg\"><img decoding=\"async\" alt=\"Speedometer img3\" src=\"https:\/\/m.media-amazon.com\/images\/S\/aplus-media-library-service-media\/ca606996-5207-489b-a674-7bcf85839de6.__CR0,0,1024,1024_PT0_SX300_V1___.jpg\">   <\/p>\n<p>\n                                                          <img decoding=\"async\" alt=\"Speedometer img4\" src=\"https:\/\/images-na.ssl-images-amazon.com\/images\/G\/01\/x-locale\/common\/grey-pixel.gif\" class=\"a-spacing-mini a-lazy-loaded\" data-src=\"https:\/\/m.media-amazon.com\/images\/S\/aplus-media-library-service-media\/4e38e73d-80b2-464b-93bd-a5d0b86d1bd2.__CR0,0,1024,1024_PT0_SX300_V1___.jpg\"><img decoding=\"async\" alt=\"Speedometer img4\" src=\"https:\/\/m.media-amazon.com\/images\/S\/aplus-media-library-service-media\/4e38e73d-80b2-464b-93bd-a5d0b86d1bd2.__CR0,0,1024,1024_PT0_SX300_V1___.jpg\">   <\/p>\n<p> Waterproof Rate: IP65 <\/p>\n<p> Display Screen: LCD + Green Backlight <\/p>\n<p> Screen Size: 25.5 x 36mm <\/p>\n<p> Housing Material: ABS <\/p>\n<p> Display Panel Material: PC <\/p>\n<p> Part Number SM-GPS96 <\/p>\n<p> Speed Range: 0-999km\/h <\/p>\n<p> Speed Accuracy: \u00b12km Mileage <\/p>\n<p> Range:  0-99999km <\/p>\n<p> Product Size: \u00d8 64.4mm x 66mm <\/p>\n<p class=\"description\"> Unique Design Including: easy installation, waterproof Rate IP65, save all data automatically, meticulous PCB design, etc. <\/p>\n<p class=\"description\"> Also available in other colors. <\/p>\n<p>                 Add to Cart  <\/p>\n<p>                 Add to Cart  <\/p>\n<p>                 Add to Cart  <\/p>\n<p>                 Add to Cart  <\/p>\n<p>                             Customer Reviews  <\/p>\n<p>                    4.1 out of 5 stars<br \/>\n                60<\/p>\n<p>                    4.8 out of 5 stars<br \/>\n                5<\/p>\n<p>                    4.1 out of 5 stars<br \/>\n                60<\/p>\n<p>                    4.1 out of 5 stars<br \/>\n                60<\/p>\n<p>                    3.8 out of 5 stars<br \/>\n                4<\/p>\n<p>                             Price  <\/p>\n<p>                                    $69.99$69.99                  $64.99$64.99                  $69.99$69.99                  $69.99$69.99<br \/>\n                                            \u2014          <\/p>\n<p>                             Product Size<br \/>\n                                \u00d8 64.4mm x 66mm              \u00d8 64.4mm x 66mm              \u00d8 64.4mm x 66mm              \u00d8 64.4mm x 66mm              188x66x22mm          <\/p>\n<p>                             Display Screen<br \/>\n                                LCD + Green Backlight              LCD + Green Backlight              LCD + Green Backlight              LCD + Green Backlight              LCD          <\/p>\n<p>                             External Power Range<br \/>\n                                DC6-60V              DC6-60V              DC6-60V              DC6-60V              DC 10-24V          <\/p>\n<p>                             Waterproof Class<br \/>\n                                IP67              IP67              IP67              IP67              IP65          <\/p>\n<p>                             Clock Mode<br \/>\n                                24H              24H              24H              24H              24H          <\/p>\n<p>                             Speed Accuracy<br \/>\n                                \u00b12km              \u00b12km              \u00b12km              \u00b12km                        <\/p>\n<p>                             Speed Range<br \/>\n                                0-999km\/h              0-999km\/h              0-999km\/h              0-999km\/h              0-50KM\/H 0-217.5M\/H          <\/p>\n<p> Is Discontinued By Manufacturer                                    \u200f                                        :                                    \u200e                                 No <br \/> Package Dimensions                                    \u200f                                        :                                    \u200e                                 4.02 x 3.03 x 2.83 inches; 5.3 ounces <br \/> Date First Available                                    \u200f                                        :                                    \u200e                                 October 3, 2018 <br \/> Manufacturer                                    \u200f                                        :                                    \u200e                                 LATNEX <br \/> ASIN                                    \u200f                                        :                                    \u200e                                 B07QH7BYZR <\/p>\n<p>Powerful driving speed system(units KM\/H, MI\/H, NMI\/H), clock function and voltage detection. CE and ROHS certified<br \/>Driving Speed System Including: satellite positioning, real-time monitoring current driving speed, max speed viewable and resettable, overspeed alert can be settled.<br \/>Voltage Detection Including: Real-time detection voltage value, detection range DC10-24V. GPS will automatically be positioning UTC, 24-hour system.<br \/>Unique Design Including: easy installation, waterproof Rate IP65, save all data automatically, meticulous PCB design, etc.<br \/>Three different Backlight Display Colors and Resettable Odometer<\/p>\n\n","protected":false},"excerpt":{"rendered":"<p> Product Description LATNEX Waterproof Digital GPS Speedometer Backlight for ATV UTV-MARINE-Boats-Motorcycle- Automobile Motor Vehicle Bikes can be used to test the driving speed (accuracy is 1km\/h) and driven distance of your vehicle accurately. This unit has a GPS speedometer function, Clock function, Voltage indicator function and some other features. GPS [&hellip;]<\/p>\n","protected":false},"featured_media":18525,"comment_status":"open","ping_status":"closed","template":"","meta":{"_gspb_post_css":""},"store":[],"product_brand":[],"product_cat":[201],"product_tag":[143],"class_list":{"0":"post-18524","1":"product","2":"type-product","3":"status-publish","4":"has-post-thumbnail","6":"product_cat-motorcycle-accessories","7":"product_tag-women-shoes","9":"first","10":"instock","11":"shipping-taxable","12":"product-type-external"},"jetpack_sharing_enabled":true,"_links":{"self":[{"href":"https:\/\/clcsite.com\/wpstore1\/wp-json\/wp\/v2\/product\/18524","targetHints":{"allow":["GET"]}}],"collection":[{"href":"https:\/\/clcsite.com\/wpstore1\/wp-json\/wp\/v2\/product"}],"about":[{"href":"https:\/\/clcsite.com\/wpstore1\/wp-json\/wp\/v2\/types\/product"}],"replies":[{"embeddable":true,"href":"https:\/\/clcsite.com\/wpstore1\/wp-json\/wp\/v2\/comments?post=18524"}],"wp:featuredmedia":[{"embeddable":true,"href":"https:\/\/clcsite.com\/wpstore1\/wp-json\/wp\/v2\/media\/18525"}],"wp:attachment":[{"href":"https:\/\/clcsite.com\/wpstore1\/wp-json\/wp\/v2\/media?parent=18524"}],"wp:term":[{"taxonomy":"store","embeddable":true,"href":"https:\/\/clcsite.com\/wpstore1\/wp-json\/wp\/v2\/store?post=18524"},{"taxonomy":"product_brand","embeddable":true,"href":"https:\/\/clcsite.com\/wpstore1\/wp-json\/wp\/v2\/product_brand?post=18524"},{"taxonomy":"product_cat","embeddable":true,"href":"https:\/\/clcsite.com\/wpstore1\/wp-json\/wp\/v2\/product_cat?post=18524"},{"taxonomy":"product_tag","embeddable":true,"href":"https:\/\/clcsite.com\/wpstore1\/wp-json\/wp\/v2\/product_tag?post=18524"}],"curies":[{"name":"wp","href":"https:\/\/api.w.org\/{rel}","templated":true}]}}